osite?
True
Is 6041195005 prime?
False
Is 78724903 a composite number?
True
Is 43493221 a composite number?
False
Is 23484197279 a prime number?
True
Is 2068644037 a composite number?
True
Is 1600353353 prime?
True
Is 294638261 composite?
False
Is 2203919213 a composite number?
True
Is 27515982055 composite?
True
Is 1602056143 a prime number?
True
Is 6196155701 prime?
True
Is 46494015349 a prime number?
True
Is 5482526521 a composite number?
False
Is 46207412431 prime?
False
Is 163614977 a composite number?
True
Is 33604506527 composite?
True
Is 12851106161 a prime number?
True
Is 219637799 composite?
False
Is 31769185083 a composite number?
True
Is 353386013 composite?
False
Is 5475328843 prime?
True
Is 22090733467 composite?
True
Is 11466059419 prime?
True
Is 704218273 a prime number?
False
Is 1113678073 composite?
False
Is 417695038 prime?
False
Is 17818517839 prime?
False
Is 13732324831 composite?
False
Is 32346320653 a prime number?
False
Is 1879528943 composite?
False
Is 2540986009 composite?
False
Is 5672537459 composite?
True
Is 1795697017 a prime number?
True
Is 1965015167 composite?
True
Is 70261870573 a prime number?
False
Is 78735462469 a prime number?
True
Is 522071461 prime?
True
Is 107324925127 prime?
False
Is 2347381867 a composite number?
False
Is 3196765321 composite?
False
Is 5816103659 a prime number?
True
Is 707170511 a composite number?
False
Is 70492547 a prime number?
True
Is 219788671 a composite number?
True
Is 71636643607 a composite number?
True
Is 53900990951 a composite number?
True
Is 132415057897 composite?
True
Is 1689119941 a prime number?
False
Is 831041441 a composite number?
False
Is 35842947229 a prime number?
True
Is 11201320205 a prime number?
False
Is 1313743253 prime?
True
Is 20911174181 a prime number?
False
Is 536368843 a composite number?
False
Is 1367833507 prime?
True
Is 912421901 a composite number?
True
Is 43994005709 composite?
False
Is 49421352109 prime?
False
Is 18705141353 composite?
False
Is 4584248395 composite?
True
Is 200769703 composite?
False
Is 27556566617 prime?
False
Is 19482725789 prime?
False
Is 4009758521 prime?
False
Is 25353660979 composite?
True
Is 1770961683 a prime number?
False
Is 3099171283 a composite number?
True
Is 21368245739 composite?
True
Is 127751369951 a prime number?
True
Is 45626569363 prime?
True
Is 12653999 a composite number?
False
Is 1615863299 a composite number?
False
Is 434974139 a composite number?
True
Is 3209088307 a prime number?
True
Is 99880345 prime?
False
Is 10294242589 composite?
False
Is 62649706307 a prime number?
False
Is 482666879 composite?
True
Is 81208144783 a prime number?
False
Is 22494722083 a prime number?
True
Is 7954806109 prime?
True
Is 93820339 prime?
False
Is 1055824894 a composite number?
True
Is 1428461157 prime?
False
Is 4840572599 composite?
False
Is 14084497627 composite?
False
Is 476186803 composite?
False
Is 509410481 a composite number?
False
Is 202158708923 prime?
True
Is 1241644951 a prime number?
True
Is 35832891077 composite?
False
Is 69028833 prime?
False
Is 544192853 a prime number?
True
Is 9619565459 prime?
False
Is 4049744495 prime?
False
Is 18740059 prime?
False
Is 1211755309 composite?
False
Is 18863101081 prime?
False
Is 338298349 a prime number?
True
Is 722170619 a composite number?
False
Is 357515458 prime?
False
Is 52545803 composite?
True
Is 3148557277 prime?
True
Is 11966034343 a prime number?
False
Is 4466051354 composite?
True
Is 3987263381 composite?
False
Is 23443492027 prime?
False
Is 8152795421 a prime number?
True
Is 10335989459 prime?
False
Is 727334657 a prime number?
False
Is 5333998123 a composite number?
False
Is 577719427 composite?
False
Is 49584077 a prime number?
True
Is 3768365929 a composite number?
False
Is 12234497243 composite?
True
Is 24923687683 a composite number?
True
Is 3345546779 prime?
True
Is 518983243 a prime number?
False
Is 476567593 a prime number?
False
Is 1867217741 prime?
False
Is 17560715387 a composite number?
True
Is 1556190842 composite?
True
Is 5301076877 composite?
False
Is 399684185 prime?
False
Is 4135238321 composite?
True
Is 21719875831 composite?
True
Is 2064028249 composite?
False
Is 15448569769 a composite number?
False
Is 214756273 a prime number?
False
Is 32124337503 prime?
False
Is 1471884301 prime?
False
Is 14411487841 composite?
False
Is 5214899351 a prime number?
True
Is 443460299 prime?
True
Is 112144756891 a prime number?
True
Is 23253034619 a prime number?
True
Is 6631978 a prime number?
False
Is 1391615983 a composite number?
True
Is 479801221 a prime number?
True
Is 50113819039 a composite number?
True
Is 1962231763 prime?
True
Is 4561721 prime?
False
Is 222033993257 composite?
False
Is 2919587743 a composite number?
False
Is 4734023807 a composite number?
False
Is 2105622997 prime?
False
Is 3979487987 composite?
True
Is 43644232553 prime?
True
Is 14370850969 prime?
True
Is 13660380607 a prime number?
False
Is 42906786289 a prime number?
False
Is 559023347 a prime number?
True
Is 131494367 a prime number?
False
Is 24332330159 a composite number?
False
Is 858874631 composite?
False
Is 48903671821 a composite number?
False
Is 624544331 a composite number?
False
Is 22380803759 prime?
True
Is 925178333 prime?
False
Is 377640377 prime?
False
Is 23186528479 a prime number?
True
Is 24512790697 composite?
True
Is 18813853271 a composite number?
True
Is 286515797 prime?
False
Is 840080429 composite?
False
Is 504350774683 composite?
True
Is 35969427829 composite?
False
Is 36780403781 prime?
False
Is 31728421 composite?
False
Is 144354047 a composite number?
False
Is 10133998565 a prime number?
False
Is 23147376683 a composite number?
True
Is 135929200271 composite?
False
Is 6171406237 a composite number?
False
Is 1518017849 a prime number?
True
Is 249583793 a prime number?
True
Is 4151297 prime?
True
Is 84697765873 composite?
True
Is 55532074979 prime?
False
Is 383797061 a prime number?
True
Is 90418687147 a prime number?
True
Is 12253707563 prime?
False
Is 112454232043 a prime number?
False
Is 300154817 a prime number?
True
Is 333738667 prime?
False
Is 41431114099 a prime number?
False
Is 10322076601 composite?
True
Is 12313238599 prime?
True
Is 94212746 prime?
False
Is 35297464273 a composite number?
True
Is 3368928509 a composite number?
True
Is 170638991 a prime number?
True
Is 16035364897 a composite number?
False
Is 41107031137 a prime number?
True
Is 2852223391 a composite number?
True
Is 15958149751 prime?
True
Is 233079871 composite?
False
Is 3883287715 a prime number?
False
Is 5526956177 a prime number?
True
Is 92905935455 composite?
True
Is 17460689599 a prime number?
True
Is 1861571263 prime?
False
Is 63069221513 a prime number?
False
Is 9319671871 a prime number?
False
Is 23696837 prime?
True
Is 10331933483 composite?
False
Is 281326547 composite?
True
Is 55191335351 composite?
False
Is 4711701767 prime?
False
Is 64901492237 a composite number?
False
Is 7497840883 prime?
False
Is 195875512873 prime?
False
Is 18641736431 composite?
True
Is 1458375482 prime?
False
Is 5641790429 prime?
False
Is 15680068639 a composite number?
False
Is 36653778079 composite?
True
Is 3611473571 composite?
False
Is 21268465807 a prime number?
True
Is 31995533257 composite?
False
Is 115467991 prime?
True
Is 12512477363 a prime number?
False
Is 1618008193 a prime number?
False
Is 771922139 composite?
True
Is 19198610383 composite?
False
Is 175990267 a prime number?
True
Is 280887793 a composite number?
False
Is 284731661 a prime number?
True
Is 18851540503 a prime number?
False
Is 226798375097 a prime number?
False
Is 321208817 prime?
True
Is 3160125907 composite?
True
Is 17420269507 prime?
True
Is 997838945 prime?
False
Is 568764233 a prime number?
False
Is 13096400873 composite?
True
Is 220577633 a composite number?
False
Is 10894383767 composite?
False
Is 69203649529 a composite number?
True
Is 75938939959 composite?
True
Is 2363530966 composite?
True
Is 12227562959 prime?
True
Is 363461207 prime?
False
Is 159054681079 composite?
True
Is 4410307159 prime?
True
Is 2386762919 a prime number?
False
Is 203462227 a prime number?
False
Is 2846464211 prime?
True
Is 16259319203 a composite number?
True
Is 3977826367 a prime number?
False
Is 297464155 a prime number?
Fal